prime?
True
Let n = -6717 - -30124. Is n composite?
True
Let h(x) = -243*x - 9. Let v be h(-3). Let z = 1541 - v. Is z composite?
False
Is 43*(-17 + 21 - -1989) a prime number?
False
Let w(s) be the second derivative of s**5/10 + s**4/2 - 8*s**3/3 + 15*s**2/2 - s. Let a be w(8). Suppose 10*t = -a + 5105. Is t prime?
False
Let p(h) = 86*h**2 - 28*h - 63. Suppose -5*x - s + 68 = 0, -x - 9 = -s - 19. Is p(x) prime?
True
Let a(x) = 1034*x + 7. Let n(o) = 1034*o + 8. Let z(w) = 4*a(w) - 3*n(w). Let d be z(1). Suppose -4*r + 2*r + d = 0. Is r a prime number?
False
Is 1/(((-285)/(-4615995))/19) prime?
True
Let v be (8/(-6))/(-3 + 568/192). Let l(j) = 4*j**2 + 11*j - 57. Is l(v) a composite number?
False
Let n be (20*4/32)/(1/(-2)). Let d = 720 + 457. Is (-2 - (n + 1)) + 8 + d composite?
False
Suppose 0*k + 27 = 3*k. Let p be 4 - 212/54 - 1498/(-189). Suppose k*u - 1357 = p*u. Is u a composite number?
True
Let w = 27 + -22. Let b be 0 - (10/w + -4). Suppose 0 = 5*l - b*l - 327. Is l composite?
False
Suppose 5*b - 25 = -0*b. Is 1*(-1 + (b - -1353)) composite?
True
Let v(u) be the first derivative of -221*u**2 - 319*u + 232. Is v(-6) a composite number?
False
Suppose -6*a + 14*a - 24 = 0. Let h(o) = -240*o**2 + 2*o - 3. Let f be h(a). Let z = f + 3148. Is z composite?
False
Is (-2 - (-534963 + -4))*9/45 composite?
False
Suppose 3*v - 19 = -7. Suppose -42 = -5*u - w + v*w, 2*u - 28 = 4*w. Let d = 12 - u. Is d a prime number?
False
Suppose f - 3*p - 2782613 = 285746, 0 = -5*p - 10. Is f a composite number?
False
Let s(i) = 396*i**3 + 2*i**2 + 29*i - 65. Is s(4) prime?
False
Let m(l) = -l**2 + 6*l - 9. Let z be m(10). Let q = -47 - z. Suppose 0 = -13*a - q*a + 9525. Is a a composite number?
True
Let h be 9 - (-63)/(13 - 6). Suppose 24*m = -h*m + 44310. Is m composite?
True
Let z be 2/(-5) + -7 + (-291)/(-15). Let v be ((-351)/z)/(3/1992). Is 6/(-4)*v/27 composite?
True
Let l(b) = -5*b**2 - 15*b - 24. Let i be l(-22). Let d = 4357 + i. Is d composite?
False
Suppose 0 = 3*n - n - 2*o + 70, -n = 5*o + 53. Let c = n - -41. Is (7/(-2) + c)*(-1 + -189) a prime number?
False
Suppose -m = 11*m - 60. Let j be 2*(((-10)/4)/m - -3). Suppose -j*d - 14649 = -4*y, 4*d - 1081 - 9898 = -3*y. Is y composite?
True
Let l = -4400 + 9864. Let f be ((-1049)/1)/(-8 + 23/3). Let j = l - f. Is j a composite number?
True
Suppose 4*k - 988 + 740 = 0. Suppose -k*c + 59*c + 3147 = 0. Is c a prime number?
True
Let y(i) = 52*i**2 + 12*i + 57. Let l be y(-8). Let c = 690 + l. Is c a prime number?
False
Suppose 0*j = 2*o + 5*j - 6686, 2*o + 2*j = 6692. Suppose 4*x - o = -4*m, x + x = -4*m + 3354. Suppose -k + 2*g = -5*k + m, -4*g - 219 = -k. Is k prime?
True
Let t(a) = a - 3. Let g be 2/(-12)*2*42/(-2). Let y be t(g). Suppose 7362 = 2*h + y*h. Is h prime?
False
Let j(m) = -2*m**2 - 21*m + 37. Let f be j(-12). Is (-23726)/((-18)/(9/f)) prime?
True
Let s be ((-1312)/6)/(2*(-4)/120). Let a = -2188 + s. Let g = 289 + a. Is g prime?
True
Let j = 379532 - -155039. Is j a composite number?
False
Let a(w) = 5*w + 52. Let u be a(-17). Suppose -15249 = 3*y + 3*b, -y = -4*y - 2*b - 15252. Is (u - -31)*(-1 + y/4) a prime number?
False
Let q = 10 - 5. Suppose y = q*y + 624. Let a = y + 1811. Is a a composite number?
True
Suppose 32*v - 29*v - 1146 = 0. Suppose 4*y - 146 = -v. Is (9 + -1)*y/(-4) a prime number?
False
Let g(n) = -9*n + 229. Let f be g(25). Suppose -4*q = -s - q + 20141, 4*s - 80532 = -f*q. Is s a composite number?
True
Let b = -38176 + 63869. Is b a composite number?
False
Let x = 39 + -37. Suppose x*c + 20 = -2*c, -5*n - 3*c = -2265. Suppose 2*s - 814 = n. Is s composite?
True
Suppose -666 = -6*b + 3120. Is b a prime number?
True
Let s(f) = 15*f + 135. Let z be s(-7). Is 1 + 7105 + z*(-11)/(-66) composite?
True
Let r be (-4)/(-20) + 196/(-5). Let p = r + 44. Suppose -6*u - 3525 = -p*k - u, 0 = -5*k - u + 3501. Is k a prime number?
True
Let g be (0 - 41)/(-3*(-1)/(-9)). Let m = g - 122. Is 34/(-17)*2/m + 923 a composite number?
False
Suppose 877749 = 3*m + 4*a, -21*m - 6*m + 7899741 = -a. Is m a prime number?
False
Suppose a - 2*n = -9, -3*a + 2*n = -a + 10. Suppose 133 = 4*h + 2*d + 135, -5*h = 3*d. Is 3 + a/(h/(-9)) - -1345 composite?
True
Let m(q) = 29973*q - 658. Is m(3) composite?
False
Is (5/(-10)*53*2)/((-4)/148) prime?
False
Suppose -130*k + 28*k = 53*k - 92516245. Is k composite?
False
Let v be ((-12194)/(-10) - 8)/(0 - 6/(-20)). Let r(a) = -72*a**2 - 4*a + 5. Let o be r(-5). Let s = v + o. Is s prime?
False
Let y = 681 + -680. Is (-38067)/(12/(-4))*y a prime number?
True
Let y(g) = 283*g + 42002. Is y(0) prime?
False
Let i = -1480 + 4181. Is i prime?
False
Let a(n) = 2291*n**2 - 17*n - 3. Let o be a(2). Let c = o + -1230. Is c composite?
True
Let a(f) = -2*f**3 - 14*f**2 - 9*f - 9. Suppose -3*n - t - 15 = 0, -5*n + 12 = -2*t + 48. Let w be a(n). Is (-207)/w*6/2 prime?
True
Let p be (-82088)/(-186) - 12/9. Let d be (12/8)/((-3)/(-4)). Suppose 3*l - 2*v - 553 = p, l = d*v + 331. Is l a composite number?
False
Let l(d) = -d**2 + 38*d + 27. Let x be (-3)/12 - 411/(-12). Is l(x) a composite number?
False
Let l be (-3 - 0) + (2 - -39). Suppose 2*u - 4*q + 100 = 6*u, -q = -2*u + l. Is 3 + -2 + u*(-76)/(-12) a prime number?
False
Let f(m) = 305*m**2 - 33*m + 123. Is f(10) prime?
True
Let u = 599 - 2698. Suppose 0 = -5*h, 7*l - 9870 = 4*l - 3*h. Let g = u + l. Is g a composite number?
True
Let v(d) = d**2 - 15*d + 35. Suppose 3*r = 2*n - 119, -5*n - 4*r - 20 + 306 = 0. Let b = -79 + n. Is v(b) composite?
True
Suppose 2*x - 4*p - 202454 = 0, 2*p = -3*x + 3391 + 300258. Is x prime?
False
Let p(y) = -1449*y - 4. Suppose -101 = -2*w + 133. Let g = w - 122. Is p(g) composite?
True
Let l be 638/(-145)*(-10)/4. Let j(i) = -3 - 19*i + i - l*i + 2. Is j(-4) a composite number?
True
Let b be (-43 - 0)/(3/(-15)). Suppose b = 4*x - 5*i, 0 = -5*x + 3*i + i + 262. Let z = 1189 - x. Is z a composite number?
True
Let l be ((-140)/42)/((-4)/6). Let p(j) = j + 9. Let g be p(-5). Suppose g*c + d + 0*d - 1496 = 0, -l*c + d = -1861. Is c a prime number?
True
Let g(u) = -3583*u + 108. Let n be g(-6). Let f = 37651 - n. Is f composite?
True
Let c(u) = -u**3 - 6*u**2 - 6*u - 9. Let s be c(-5). Is s/(32/7756)*-2 a composite number?
True
Let i be (-24)/(-5) + (-3)/(-15). Suppose -4*m + 267 = q - m, -2*q + 534 = i*m. Is q a composite number?
True
Let x be 3*18893/(-105)*-10. Let m = -1589 + x. Is m composite?
True
Suppose 6*d - 132 = -0*d. Let g be (-4)/d + (65/55 - -1). Suppose -g*r = 3*r + c - 6292, -r + 1256 = c. Is r a composite number?
False
Suppose -158064 = -8*w + 82*w. Let c = -1267 - w. Is c a composite number?
True
Let b(l) = 6*l + 116. Let f be b(-19). Suppose -f*z - 4*n - n = -41751, -2*z - 4*n + 41750 = 0. Is z a prime number?
True
Let k = 410738 + -266947. Is k a prime number?
True
Let b = -316 - -336. Suppose -s - 24*c + b*c = -50503, 3*c = -4*s + 201973. Is s a prime number?
False
Suppose -56*p + 13104 = -17*p. Is (-2)/(28/(-91066)) + 96/p a prime number?
False
Let q be 0 + (-20)/(-10 - -6). Suppose 4*r = 3*g + 22480, 12 = -q*g + 8*g. Is r a composite number?
False
Suppose 2*o = -5*j + 8, o - 1 = 8*j - 9*j. Suppose j*i - 15680 = -2*z, -28*z + 32*z = -i + 31351. Is z a composite number?
True
Suppose -4*z - 2*x + 29 = z, 5*x + 5 = 3*z. Suppose -5*y + 5890 = z*t, -t + 20*y = 15*y - 1172. Is t composite?
True
Let m = 11880 - 5556. Let h = m - 817. Is h composite?
False
Suppose -142*y = -145*y + 2160. Suppose 11335 - y = 11*i. Is i a prime number?
False
Suppose 25*z = 28*z - 2*n - 19, -3*z = -4*n - 23. Suppose 0 = -4*p - z*b + 86209, 3*p - 5*b + 2849 = 67497. Is p a prime number?
False
Let r = -40811 + 98538. Suppose 0 = 2*n - 4, 2*j + r = 4*n - 8177. Is 4/(-10) + j/(-20) + -4 a prime number?
False
Let x(a) = 218*a**3 - 8*a**2 - 12*a - 3. Let k be x(-2). Let b = 2147 - k. Is b prime?
False
Let u(t) = 403*t**2 - 66*t + 265. Is u(26) composite?
True
Suppose -4*h + 1221147 + 15825 = 8*h. Is h a composite number?
True
Let g(j) = -75*j - 370. Let u be g(-5). Suppose u*c + 3771 = 10486. Is c a prime number?
False
Suppose 2*s - 5*o + 29453 = 0, 10*o - 12*o - 2 = 0. Let x = -6327 - s. Suppose -2*p + x = 4*t, 0 = -2*p - 0*p + 5*t + 8402. Is p a composite number?
False
Is (-72)/216 - ((-4075558)/12 - 18/12